p - i - 189 = o. List the prime factors of p.
2, 19
Let f(n) = 5*n**2 + 45*n + 409. What are the prime factors of f(-13)?
3, 223
Let t be (-6)/(-15) + (-2 - (-468)/5). Let z = t - 51. Suppose -12*u + 341 - z = 0. What are the prime factors of u?
5
Suppose 315*z - 204*z - 1434619 = 1737872. List the prime factors of z.
3, 7, 1361
Suppose 9*b + 2079 + 2394 = 0. Let x = b + 1023. List the prime factors of x.
2, 263
Let r(s) = -s - 32. Let f = 41 + -55. Let j be r(f). List the prime factors of (-4756)/j - (-1)/(27/(-6)).
2, 3, 11
Let b(l) = 6*l - 1. Let h be b(1). Suppose 285 - h = 7*u. Suppose i - 24 - u = 0. What are the prime factors of i?
2
Let i(f) = -f + 9. Let w be 6*(1/2)/(9/(-45)). Let p be i(w). Let l = 4 + p. List the prime factors of l.
2, 7
Suppose 50*q - 49*q - 4*c = 2735, 16 = 4*c. What are the prime factors of q?
3, 7, 131
Let b be (-15 - -16)/(4/112*-2). List the prime factors of 1217 + -14*4/b.
3, 11, 37
Suppose -12810 - 17247 = -43*c. Suppose c + 705 = 3*h. What are the prime factors of h?
2, 3, 13
Let x be ((-1)/(-6)*4)/((-6)/(-9)). Let w be x + (-4533)/(-18) + 8/48. Let f = w - 151. List the prime factors of f.
2, 3, 17
Let b = 1020 + -2411. Let l = b + 2009. What are the prime factors of l?
2, 3, 103
List the prime factors of (-32)/112 + ((9 - 4) + -40166)/(-7).
5737
Let i(m) = 76*m + m + 91*m - 19*m. Let j(z) = 151*z + 1. Let s(t) = 5*i(t) - 4*j(t). What are the prime factors of s(2)?
2, 139
Let b(l) = -l**3 + 7*l**2 + 18*l + 12. Let y(s) = -2*s**2 + 62*s + 8. Let r be y(31). List the prime factors of b(r).
2, 23
Let o be ((-60)/(-18))/((-4)/(-288)). Suppose 0 = -4*f - 5*w + o, -f + 62 - 2 = -2*w. What are the prime factors of 5/(f/2391) + (-6)/(-8)?
2, 5
Suppose -2*i - m = 145 - 501, 892 = 5*i + 2*m. What are the prime factors of 3616/3 - 60/i?
5, 241
List the prime factors of 1803*(-3)/(-9)*340/34.
2, 5, 601
Let v(o) = o**3 - o**2 + 2*o - 6. Let a be v(-5). Let p = -354 - -610. Let q = p + a. What are the prime factors of q?
2, 3, 5
Suppose -4*s = 19*h - 23*h - 12848, 0 = -2*h - 8. Let b = s + -1626. What are the prime factors of b?
2, 7, 113
Suppose 84536 = -3*j + 7*j. Suppose -j = -29*s - 5851. List the prime factors of s.
17, 31
Let c(s) = 5*s**3 - 8*s**2 - 52*s + 855. What are the prime factors of c(14)?
3, 4093
Suppose -5*v + 43747 = -k - 211491, 40 = -5*k. List the prime factors of v.
2, 25523
What are the prime factors of (-2028 + 2)/(17/((-935)/22))?
5, 1013
What are the prime factors of ((-2987725)/260)/(10/(-16))?
2, 29, 317
Let h be (18/4)/(7*1/42). Let s = h - -168. What are the prime factors of s?
3, 5, 13
Let t = 79 + -59. Let v = t - -163. What are the prime factors of v?
3, 61
Suppose -5*t + 2969 + 11509 = 3*m, -4826 = -m - 3*t. What are the prime factors of m?
2, 19, 127
Let r = 0 + 73. Suppose -3*g = 2*a + 2*a - 263, 0 = g + 5*a - r. What are the prime factors of g?
3, 31
Suppose 4*z - 92 - 236 = -i, 4*z - 1008 = -3*i. Let u = i - 29. Let o = -70 + u. What are the prime factors of o?
241
List the prime factors of ((-119)/(-21) + -6)/((-1)/217263).
72421
Suppose 94*r + 240 = 95*r. Suppose 2*j = -4*f + j + 238, 2*j - r = -4*f. Suppose 3*q - f = 247. List the prime factors of q.
2, 3, 17
Let j = 1041 + -244. List the prime factors of j - (-2 - (-9)/((-27)/(-12))).
3, 5, 53
Suppose -4*p = -6 - 14. Suppose -6*o + p*l + 15 = -o, -l - 3 = o. Suppose 5*q + 5 = -d - o, -4*q + 12 = 4*d. List the prime factors of d.
5
Suppose 2*v + 4 = -6. Let h(y) be the first derivative of 4*y**3/3 - 7*y**2/2 - 4*y - 13. What are the prime factors of h(v)?
131
Let b = -55 + 40. Suppose 4*x - 82 = 6*x. Let o = b - x. What are the prime factors of o?
2, 13
Let r(o) = -189*o - 355. Let q be r(-7). Suppose -j = z - 485, 4*z = j - 3*j + q. What are the prime factors of j?
2, 3
Let b = -4825 + 8084. List the prime factors of b.
3259
What are the prime factors of (-910)/78*-2238 + 10?
2, 5, 653
Let r(a) = a**3 + 4*a + 21*a**2 - 5 - 6*a - 10*a - 17*a. List the prime factors of r(-20).
3, 5, 13
Let u = -15243 - -55817. What are the prime factors of u?
2, 20287
Let u be ((-5)/(-3))/((-155)/(-1302)). List the prime factors of (6/(-10) - u/35)*-97.
97
Suppose -22*i = -23*i + 226. Let z = i + -195. List the prime factors of z.
31
Let b(i) = -87*i**3 - 2*i**2 - i. Let x(d) = d - 13. Let m be x(9). Let l be m/24 + 15/(-18). What are the prime factors of b(l)?
2, 43
Let m = -3 + 3. Let j(t) be the first derivative of -t**2 + 210*t + 606. List the prime factors of j(m).
2, 3, 5, 7
Let z = -62 + 77. Suppose -14*o = -z*o + 228. Suppose -5*i - d = -266, 4*i - d - o = 2*d. List the prime factors of i.
2, 3
Let a be (6/10)/((-15)/(-75)). Suppose -a*m - b = -410 - 648, 4*m = -5*b + 1429. What are the prime factors of m?
3, 13
Let o = 116 - -528. Let n = o + -121. List the prime factors of n.
523
List the prime factors of -5 + ((-47)/(-4))/(22/19624).
2, 3, 97
Let k = 24641 + -10346. List the prime factors of k.
3, 5, 953
Let m(r) = -250*r**3 + 2*r. Let i(u) = 125*u**3 - u. Let a = 34 - 23. Let d(o) = a*i(o) + 6*m(o). List the prime factors of d(-1).
2, 31
Let v = -261 - -737. Let n = -336 + v. List the prime factors of n.
2, 5, 7
Let z(q) = -588*q + 79. List the prime factors of z(-17).
5, 13, 31
Let r be (-5 - -6)/(3/4)*-3. Let a(l) = l**3 - 2*l**2 - 11*l - 3. Let v be a(r). Let j = v - -67. List the prime factors of j.
2, 3
Let z be 98/6 + (-6 - 40/(-6)). Suppose -z*t + 15*t + 594 = 0. What are the prime factors of t?
3, 11
Suppose 8*l = 12*l - 92. Let r(q) = 39 - l*q - 14 + 21*q + q**2. List the prime factors of r(12).
5, 29
Suppose 2*z + 3*w = 6150 + 30337, 0 = -5*w + 5. List the prime factors of z.
2, 7, 1303
What are the prime factors of 9/2*(7 + (27750/9 - -11))?
2, 3, 1163
Suppose -p - 594 = -y - 19, -2*p + 1710 = 3*y. Suppose 0*j = 4*h - j + 1586, -2*h - 5*j - 804 = 0. Let n = y + h. List the prime factors of n.
5, 7
Let w(x) = -205*x + 420. Let r(j) = 17*j - 35. Let l(i) = -35*r(i) - 3*w(i). Let o(q) = -4*q**2 + 47*q - 63. Let p be o(10). What are the prime factors of l(p)?
3, 5, 7
Let z = -192 + 317. Suppose -8*o = a - 10*o - z, a - o - 120 = 0. List the prime factors of a.
5, 23
Let n = 64 - 61. Suppose -4*v = -5*u - 1608, 0*u = -n*v + 5*u + 1206. List the prime factors of v.
2, 3, 67
Let z be -3*(-6)/72*-8. What are the prime factors of ((-18)/z)/(7/(-1512)*-4)?
2, 3
List the prime factors of (-5)/(-30) + 970577/114.
2, 3, 11, 43
Suppose 0 = 8*m + 5*j - 155394, j - 6*j - 19413 = -m. What are the prime factors of m?
19423
Let a(k) = -584 - k + 0*k**3 + k**3 + 565 - 19*k**2. List the prime factors of a(20).
19
Let x = 25607 - 17743. Suppose 4*r - 28*l - x = -25*l, 0 = r + 3*l - 1966. What are the prime factors of r?
2, 983
Suppose -31961 = -5*d - 8*s + 135753, 3*d + 5*s - 100628 = 0. List the prime factors of d.
2, 3, 5591
Let b(v) be the third derivative of v**6/120 - 13*v**5/30 + 23*v**4/24 + 61*v**3/6 - 29*v**2. What are the prime factors of b(25)?
11
Let y(n) = -n**3 - 12*n**2 - 5*n + 28. Let u be y(-11). Let r = -35 - u. Suppose r*b = -0*s + 5*s - 1001, -5*b + 786 = 4*s. What are the prime factors of s?
199
Suppose 10*q - 3*s = 6*q + 23, 5*q - 30 = 5*s. Suppose -3*k - 4*n = 722, 0 = -q*k + 3*n + n - 1246. Let b = k - -396. What are the prime factors of b?
2, 3, 5
Let l(q) = 3*q**2 + 3*q + 2. Let r be (1 - 2 - 0)*-3. Suppose -r*j = 2*s + 11, 0 = 5*s - 8*j + 3*j + 15. List the prime factors of l(s).
2, 19
Let z(c) = 9*c**2 + 8*c - 9. Let k be z(1). Suppose -k*x + 34 = -6*x. Let q = x - -2. List the prime factors of q.
19
Suppose -35*i - 253 = 27. List the prime factors of 6 - -671 - (4 + i)/2.
7, 97
Let r(b) = 5*b + 24. Let y be r(-4). Suppose 0 = a + y, -5*h + 2213 = 7*a - 9*a. What are the prime factors of h?
3, 7
What are the prime factors of 3 - 75/30*-82?
2, 13
Let k(x) = -3*x + 27*x**2 + 9 - 29*x**2 + 25*x**2 - 2*x**3. What are the prime factors of k(4)?
3, 79
Suppose -13*q = -8*q + 25. Let u(h) be the first derivative of 2*h**3 + 8*h - 6. List the prime factors of u(q).
2, 79
Let i(h) = -h + 38. Let z(d) = 19. Let x(w) = -3*i(w) + 5*z(w). Let f be x(10). Let p = f + 138. What are the prime factors of p?
149
Let h(q) = -5*q**2 + 22*q - 94. Let s(d) = -d**2 + 1. Let w(o) = h(o) - 4*s(o). What are the prime factors of w(15)?
7
Sup